{"id":3491,"date":"2022-09-14T21:12:43","date_gmt":"2022-09-14T21:12:43","guid":{"rendered":"http:\/\/www.veranos.ugto.mx\/?page_id=3491"},"modified":"2022-09-14T21:12:43","modified_gmt":"2022-09-14T21:12:43","slug":"links-2022","status":"publish","type":"page","link":"http:\/\/veranos.ugto.mx\/?page_id=3491","title":{"rendered":"Links 2022"},"content":{"rendered":"<p>[vc_row][vc_column width=&#8221;1\/4&#8243;][vc_empty_space][\/vc_column][vc_column width=&#8221;3\/4&#8243;][vc_empty_space][vc_column_text]<\/p>\n<ul>\n<li>P\u00e1gina web profesor Daniel A\u00f1orve: <a href=\"https:\/\/nam11.safelinks.protection.outlook.com\/?url=http%3A%2F%2Fwww.tiroenbraille.org%2F&amp;data=05%7C01%7Cveranosug%40ugto.mx%7Cd620e238760f4848b99108da7a3df9e8%7C132b9871e0254eada34d7bd5e7a383b4%7C0%7C0%7C637956703859593775%7CUnknown%7CTWFpbGZsb3d8eyJWIjoiMC4wLjAwMDAiLCJQIjoiV2luMzIiLCJBTiI6Ik1haWwiLCJXVCI6Mn0%3D%7C3000%7C%7C%7C&amp;sdata=nmKGcy2IIsel41mIwbKdlRBqPxi3MoX%2FPt33yd4%2BiVA%3D&amp;reserved=0\">www.tiroenbraille.org<\/a><\/li>\n<li>Pagina web Liz\u00e1rraga Morales Roci\u00f3 Alfonsina: <a href=\"https:\/\/www.urielhaile.xyz\/verano2022\/index.html\">https:\/\/urielhaile.xyz\/verano2022\/index.html<\/a><\/li>\n<li>Blog Ra\u00fal \u00c1lvarez Vargas: <a href=\"https:\/\/samanthaoliva00.wixsite.com\/verano-de-la-ciencia\">https:\/\/samanthaoliva00.wixsite.com\/verano-de-la-ciencia<\/a><\/li>\n<li>P\u00e1gina de Facebook Alma Seraf\u00edn: <a href=\"https:\/\/www.facebook.com\/Proyecto-UG-Guanajuato-rumbo-al-Desarrollo-Sustentable-269606743907411\">https:\/\/www.facebook.com\/Proyecto-UG-Guanajuato-rumbo-al-Desarrollo-Sustentable-269606743907411<\/a><\/li>\n<li><strong>Enlaces a otros productos <\/strong>\n<p>Dise\u00f1o y realizaci\u00f3n:<\/p>\n<p>Mar\u00eda F\u00e1tima L\u00f3pez Nieto<\/p>\n<p><a href=\"mailto:mf.lopeznieto@ugto.mx\">mf.lopeznieto@ugto.mx<\/a><\/p>\n<p><u>Blog<\/u>:<\/p>\n<p><a href=\"https:\/\/dramaturgiaengto.wixsite.com\/website\">https:\/\/dramaturgiaengto.wixsite.com\/website<\/a><\/p>\n<p><u>Instagram<\/u>:<\/p>\n<p>@dramaturgiagto<\/li>\n<li>Blog Karina Galv\u00e1n Zavala: <a href=\"https:\/\/nam11.safelinks.protection.outlook.com\/?url=https%3A%2F%2Fadrianagvr1.wixsite.com%2Fmuseos-y-zonas-arque&amp;data=05%7C01%7Cveranosug%40ugto.mx%7Cce9b2e75120d42e1086708da7edf951d%7C132b9871e0254eada34d7bd5e7a383b4%7C0%7C0%7C637961796319109005%7CUnknown%7CTWFpbGZsb3d8eyJWIjoiMC4wLjAwMDAiLCJQIjoiV2luMzIiLCJBTiI6Ik1haWwiLCJXVCI6Mn0%3D%7C3000%7C%7C%7C&amp;sdata=%2F4CwkV7Ogo58ZymFBvrMVzX4QKya7bsQclWAUVOjO4g%3D&amp;reserved=0\">https:\/\/adrianagvr1.wixsite.com\/museos-y-zonas-arque<\/a><\/li>\n<li>P\u00e1gina web Claudia Esteves Jaramillo: <a href=\"https:\/\/mad-penguin.github.io\/Movimientos-antropomorfos\/\">https:\/\/mad-penguin.github.io\/Movimientos-antropomorfos\/<\/a><\/li>\n<li>Instagram Cynthia Oviedo: <a href=\"https:\/\/nam11.safelinks.protection.outlook.com\/?url=https%3A%2F%2Fwww.instagram.com%2Fverano.ug.2022%2F%3Figshid%3DYmMyMTA2M2Y%253D&amp;data=05%7C01%7Cveranosug%40ugto.mx%7Cf07a8f8e74124f77fb7c08da7ef88b4c%7C132b9871e0254eada34d7bd5e7a383b4%7C0%7C0%7C637961903207347075%7CUnknown%7CTWFpbGZsb3d8eyJWIjoiMC4wLjAwMDAiLCJQIjoiV2luMzIiLCJBTiI6Ik1haWwiLCJXVCI6Mn0%3D%7C3000%7C%7C%7C&amp;sdata=XGT14oyEu5PVHwk7m3J1m4H9CjxDH56fbMJ52Dnyy3A%3D&amp;reserved=0\">https:\/\/www.instagram.com\/verano.ug.2022\/?igshid=YmMyMTA2M2Y%3D<\/a><\/li>\n<\/ul>\n<p>[\/vc_column_text][\/vc_column][\/vc_row]<\/p>\n","protected":false},"excerpt":{"rendered":"<p>[vc_row][vc_column width=&#8221;1\/4&#8243;][vc_empty_space][\/vc_column][vc_column width=&#8221;3\/4&#8243;][vc_empty_space][vc_column_text] P\u00e1gina web profesor Daniel A\u00f1orve: www.tiroenbraille.org Pagina web Liz\u00e1rraga Morales Roci\u00f3 Alfonsina: https:\/\/urielhaile.xyz\/verano2022\/index.html Blog Ra\u00fal \u00c1lvarez Vargas: https:\/\/samanthaoliva00.wixsite.com\/verano-de-la-ciencia P\u00e1gina de Facebook Alma Seraf\u00edn: https:\/\/www.facebook.com\/Proyecto-UG-Guanajuato-rumbo-al-Desarrollo-Sustentable-269606743907411 Enlaces a otros productos Dise\u00f1o y realizaci\u00f3n: Mar\u00eda F\u00e1tima L\u00f3pez Nieto mf.lopeznieto@ugto.mx Blog: https:\/\/dramaturgiaengto.wixsite.com\/website Instagram: @dramaturgiagto Blog Karina Galv\u00e1n Zavala: https:\/\/adrianagvr1.wixsite.com\/museos-y-zonas-arque P\u00e1gina web Claudia Esteves Jaramillo: https:\/\/mad-penguin.github.io\/Movimientos-antropomorfos\/ Instagram [&hellip;]<\/p>\n","protected":false},"author":1,"featured_media":0,"parent":0,"menu_order":0,"comment_status":"closed","ping_status":"closed","template":"","meta":{"footnotes":""},"_links":{"self":[{"href":"http:\/\/veranos.ugto.mx\/index.php?rest_route=\/wp\/v2\/pages\/3491"}],"collection":[{"href":"http:\/\/veranos.ugto.mx\/index.php?rest_route=\/wp\/v2\/pages"}],"about":[{"href":"http:\/\/veranos.ugto.mx\/index.php?rest_route=\/wp\/v2\/types\/page"}],"author":[{"embeddable":true,"href":"http:\/\/veranos.ugto.mx\/index.php?rest_route=\/wp\/v2\/users\/1"}],"replies":[{"embeddable":true,"href":"http:\/\/veranos.ugto.mx\/index.php?rest_route=%2Fwp%2Fv2%2Fcomments&post=3491"}],"version-history":[{"count":0,"href":"http:\/\/veranos.ugto.mx\/index.php?rest_route=\/wp\/v2\/pages\/3491\/revisions"}],"wp:attachment":[{"href":"http:\/\/veranos.ugto.mx\/index.php?rest_route=%2Fwp%2Fv2%2Fmedia&parent=3491"}],"curies":[{"name":"wp","href":"https:\/\/api.w.org\/{rel}","templated":true}]}}